st common divisor of 1752564996 and 6552?
3276
What is the greatest common divisor of 52 and 4423445?
13
What is the greatest common factor of 73236 and 11237?
17
What is the greatest common factor of 4842439 and 8155?
1631
Calculate the highest common factor of 441 and 268722.
9
Calculate the greatest common factor of 1795 and 2518385.
1795
Calculate the highest common factor of 7688 and 154354859.
961
Calculate the greatest common factor of 110639 and 19609763.
1333
What is the highest common factor of 7626 and 2534622?
186
Calculate the highest common factor of 72 and 6431988.
12
What is the greatest common factor of 19044360 and 7470?
90
What is the greatest common factor of 2358857 and 69?
23
Calculate the greatest common factor of 1347416332 and 856.
428
What is the greatest common factor of 7847 and 1855255?
1121
What is the highest common factor of 2666711 and 17379?
1931
Calculate the highest common factor of 60334373 and 12639.
4213
What is the greatest common divisor of 111622 and 1390451?
67
What is the highest common divisor of 824340 and 80?
20
What is the highest common factor of 128 and 158540416?
128
What is the greatest common factor of 10302 and 1758612?
606
Calculate the highest common factor of 56547931 and 29448.
409
Calculate the highest common factor of 328 and 23026824.
8
Calculate the greatest common divisor of 8109387 and 2.
1
What is the greatest common divisor of 1447445 and 40?
5
What is the greatest common factor of 1250425 and 7425?
275
What is the greatest common divisor of 182007 and 799183?
749
Calculate the greatest common factor of 222855957 and 36.
9
Calculate the highest common divisor of 3522 and 116752539.
1761
Calculate the greatest common divisor of 25913664 and 168.
168
What is the highest common divisor of 73216902 and 154?
22
What is the greatest common divisor of 294 and 153638184?
42
Calculate the highest common factor of 14913489 and 4638.
2319
What is the greatest common factor of 329956 and 814?
22
What is the greatest common factor of 10901724 and 8832?
276
What is the highest common factor of 1073 and 921794?
29
Calculate the greatest common divisor of 2055822705 and 57.
57
What is the highest common divisor of 8 and 43955896?
8
Calculate the greatest common divisor of 917338 and 22.
2
What is the greatest common divisor of 313141037 and 719?
719
What is the greatest common divisor of 1078274 and 1034?
94
Calculate the highest common divisor of 70007515 and 185.
185
Calculate the greatest common divisor of 330 and 188870990.
110
Calculate the greatest common factor of 40 and 328255000.
40
What is the greatest common factor of 1455270 and 61755?
2685
Calculate the greatest common divisor of 10030 and 10297860.
590
What is the greatest common factor of 1984 and 12040576?
64
What is the greatest common factor of 12303651 and 191784?
393
What is the greatest common factor of 28 and 1359673?
7
Calculate the greatest common divisor of 23300775 and 125.
25
What is the greatest common divisor of 1214625 and 42150?
75
What is the greatest common divisor of 2017453 and 3233?
61
Calculate the highest common divisor of 6144 and 1879872.
192
What is the greatest common factor of 1367792 and 20864?
16
What is the greatest common factor of 645966270 and 1565?
1565
Calculate the greatest common divisor of 3048 and 24565864.
1016
What is the highest common divisor of 21226570 and 50?
10
What is the highest common divisor of 200371 and 2?
1
What is the greatest common divisor of 88191 and 933534?
2151
What is the greatest common divisor of 4231511480 and 920?
920
What is the greatest common divisor of 555 and 2326874685?
555
Calculate the highest common factor of 229992 and 275946.
222
What is the highest common factor of 1925302 and 22192?
146
What is the greatest common factor of 83166 and 17702?
334
What is the greatest common divisor of 275625356 and 344?
172
What is the highest common factor of 4604881 and 5452?
29
Calculate the highest common divisor of 366451472 and 3092.
3092
Calculate the greatest common factor of 16 and 10740696.
8
Calculate the highest common factor of 4163942 and 4552.
1138
Calculate the greatest common divisor of 24174 and 119121414.
8058
Calculate the highest common divisor of 20 and 68844540.
20
What is the greatest common factor of 427485 and 8880?
15
Calculate the greatest common factor of 615 and 924570.
15
Calculate the greatest common factor of 21820 and 27540113.
1091
Calculate the greatest common divisor of 2006 and 852482.
34
Calculate the greatest common factor of 96 and 1394142.
6
What is the highest common divisor of 1644803 and 1255?
251
Calculate the greatest common factor of 38948 and 23452.
52
What is the highest common divisor of 10423943 and 1947?
59
What is the greatest common factor of 1832 and 11202222?
458
Calculate the greatest common divisor of 15837448 and 121.
121
Calculate the greatest common divisor of 42975730 and 14490.
1610
Calculate the greatest common divisor of 2599 and 7510765.
23
Calculate the highest common factor of 66319196 and 76.
76
Calculate the highest common divisor of 294 and 8043399.
147
Calculate the highest common divisor of 16843785 and 2660.
665
What is the highest common factor of 3068 and 4464648?
236
Calculate the greatest common factor of 8350094 and 1088.
34
What is the greatest common factor of 14 and 26044438?
14
What is the highest common factor of 2195277 and 42?
21
What is the highest common divisor of 368 and 188723096?
184
What is the highest common factor of 2264 and 1091531?
283
Calculate the greatest common divisor of 9488332 and 191744.
2996
Calculate the highest common divisor of 51805064 and 99350.
3974
What is the highest common factor of 2288215 and 2515?
5
What is the greatest common factor of 63 and 12730179?
21
Calculate the highest common divisor of 165936 and 1704.
24
Calculate the greatest common factor of 12 and 24977244.
12
What is the highest common divisor of 176 and 138166688?
176
What is the highest common factor of 4375123 and 26536?
3317
What is the highest common divisor of 305913997 and 43?
43
What is the greatest common divisor of 105453306 and 28728?
7182
What is the highest common factor of 19459765 and 1245?
415
Calculate the greatest common divisor of 300 and 50288325.
75
Calculate the greatest common divisor of 7757605 and 4255.
185
Calculate the greatest common divisor of 9 and 5828574.
3
Calculate the highest common divisor of 44669 and 32737.
19
What is the highest common divisor of 36436 and 52212?
4
Calculate the highest common factor of 1026 and 13216856.
38
Calculate the highest common factor of 53572543 and 23.
23
What is the highest common divisor of 10791818 and 2545?
509
Calculate the highest common divisor of 22590252 and 2440.
244
Calculate the greatest common factor of 524273 and 5352.
223
What is the highest common divisor of 360 and 1091624?
8
What is the highest common factor of 4071 and 1095582?
69
Calculate the highest common factor of 362 and 54946.
2
What is the greatest common factor of 11290442 and 42862?
1478
What is the highest common factor of 351137176 and 12597?
4199
What is the highest common divisor of 5254 and 2798962?
142
Calculate the highest common factor of 3083 and 14995712.
3083
What is the greatest common factor of 3244 and 41563750?
1622
What is the greatest common factor of 16486578 and 6966?
162
What is the highest common factor of 69142600 and 18400?
4600
What is the highest common divisor of 2347982 and 1455?
97
What is the highest common factor of 52361330 and 3780?
70
What is the greatest common divisor of 539 and 65207338?
49
Calculate the greatest common divisor of 101394 and 141786.
18
Calculate the highest common divisor of 5988080 and 1360.
1360
What is the greatest common divisor of 81191 and 493429?
61
What is the greatest common factor of 1927663 and 265?
53
What is the greatest common divisor of 8504875 and 28648?
3581
What is the greatest common divisor of 353 and 32098643?
353
What is the greatest common divisor of 215968 and 52768?
544
Calculate the highest common divisor of 1342 and 9713396.
1342
Calculate the greatest common divisor of 83123965 and 423.
47
What is the highest common factor of 10455085 and 85?
85
What is the h